{"id":5886,"date":"2018-02-13T10:33:42","date_gmt":"2018-02-13T10:33:42","guid":{"rendered":"http:\/\/www.esfreus.com:8008\/wp\/?page_id=5886"},"modified":"2023-06-22T07:47:13","modified_gmt":"2023-06-22T07:47:13","slug":"viajes-es-freus-menorca-mao","status":"publish","type":"page","link":"https:\/\/www.esfreus.com\/fr\/oficinas\/viajes-es-freus-menorca-mao\/","title":{"rendered":"Viajes Es Freus Menorca &#8211; Ma\u00f3"},"content":{"rendered":"<p>[vc_row][vc_column][vc_column_text]<img loading=\"lazy\" decoding=\"async\" class=\"size-full wp-image-8228\" src=\"https:\/\/www.esfreus.com\/wp-content\/uploads\/2021\/11\/mahon-menorca.jpg\" alt=\"\" width=\"967\" height=\"644\" srcset=\"https:\/\/www.esfreus.com\/wp-content\/uploads\/2021\/11\/mahon-menorca.jpg 967w, https:\/\/www.esfreus.com\/wp-content\/uploads\/2021\/11\/mahon-menorca-300x200.jpg 300w, https:\/\/www.esfreus.com\/wp-content\/uploads\/2021\/11\/mahon-menorca-768x511.jpg 768w, https:\/\/www.esfreus.com\/wp-content\/uploads\/2021\/11\/mahon-menorca-600x400.jpg 600w, https:\/\/www.esfreus.com\/wp-content\/uploads\/2021\/11\/mahon-menorca-272x182.jpg 272w\" sizes=\"auto, (max-width: 967px) 100vw, 967px\" \/><\/p>\n<p>Desde nuestra agencia de Viajes Es Freus en Menorca (Ma\u00f3) te atenderemos de forma personalizada y cercana. Prepararemos a medida tu viaje de vacaciones e incluiremos todos los detalles adicionales que nos indiques.<\/p>\n<p>Puedes solicitarnos cualquier tipo de viaje que tengas en mente, desde una escapada a Ibiza, un crucero por el Mediterr\u00e1neo, un largo viaje a Maldivas o a cualquier para\u00edso ex\u00f3tico que te llame la atenci\u00f3n.<\/p>\n<p><strong>MENORCA<\/strong><\/p>\n<p><iframe loading=\"lazy\" style=\"border: 0;\" src=\"https:\/\/www.google.com\/maps\/embed?pb=!1m18!1m12!1m3!1d3061.3247216109507!2d4.250498515637371!3d39.88936149546669!2m3!1f0!2f0!3f0!3m2!1i1024!2i768!4f13.1!3m3!1m2!1s0x12958791215060f5%3A0xf4cb7243e2943f6a!2sViajes%20Es%20Freus!5e0!3m2!1ses!2ses!4v1636026995847!5m2!1ses!2ses\" width=\"600\" height=\"450\" allowfullscreen=\"allowfullscreen\"><\/iframe><\/p>\n<p>Cam\u00ed de ses Vinyes, 130 A<br \/>\n07703 Ma\u00f3. Menorca<br \/>\nTel.971355040<br \/>\nMail: <a href=\"mailto:menorca@esfreus.com\">menorca@esfreus.com<\/a><\/p>\n<p>Registro de Empresas, Actividades y Establecimientos Tur\u00edsticos: <strong>AV-MD-0009-EIF<\/strong>[\/vc_column_text][\/vc_column][\/vc_row]<\/p>\n","protected":false},"excerpt":{"rendered":"<p>[vc_row][vc_column][vc_column_text] Desde nuestra agencia de Viajes Es Freus en Menorca (Ma\u00f3) te atenderemos de forma personalizada y cercana. Prepararemos a medida tu viaje de vacaciones e incluiremos todos los detalles adicionales que nos indiques. Puedes solicitarnos cualquier tipo de viaje que tengas en mente, desde una escapada a Ibiza, un crucero por el Mediterr\u00e1neo, un [&hellip;]<\/p>\n","protected":false},"author":1,"featured_media":0,"parent":5852,"menu_order":0,"comment_status":"closed","ping_status":"closed","template":"","meta":{"footnotes":""},"class_list":["post-5886","page","type-page","status-publish","hentry"],"_links":{"self":[{"href":"https:\/\/www.esfreus.com\/fr\/wp-json\/wp\/v2\/pages\/5886","targetHints":{"allow":["GET"]}}],"collection":[{"href":"https:\/\/www.esfreus.com\/fr\/wp-json\/wp\/v2\/pages"}],"about":[{"href":"https:\/\/www.esfreus.com\/fr\/wp-json\/wp\/v2\/types\/page"}],"author":[{"embeddable":true,"href":"https:\/\/www.esfreus.com\/fr\/wp-json\/wp\/v2\/users\/1"}],"replies":[{"embeddable":true,"href":"https:\/\/www.esfreus.com\/fr\/wp-json\/wp\/v2\/comments?post=5886"}],"version-history":[{"count":9,"href":"https:\/\/www.esfreus.com\/fr\/wp-json\/wp\/v2\/pages\/5886\/revisions"}],"predecessor-version":[{"id":8519,"href":"https:\/\/www.esfreus.com\/fr\/wp-json\/wp\/v2\/pages\/5886\/revisions\/8519"}],"up":[{"embeddable":true,"href":"https:\/\/www.esfreus.com\/fr\/wp-json\/wp\/v2\/pages\/5852"}],"wp:attachment":[{"href":"https:\/\/www.esfreus.com\/fr\/wp-json\/wp\/v2\/media?parent=5886"}],"curies":[{"name":"wp","href":"https:\/\/api.w.org\/{rel}","templated":true}]}}

Viajes Es Freus Menorca &#8211; Maó

<p>[vc_row][vc_column][vc_column_text]<img loading="lazy" decoding="async" class="size-full wp-image-8228" src="https://www.esfreus.com/wp-content/uploads/2021/11/mahon-menorca.jpg" alt="" width="967" height="644" srcset="https://www.esfreus.com/wp-content/uploads/2021/11/mahon-menorca.jpg 967w, https://www.esfreus.com/wp-content/uploads/2021/11/mahon-menorca-300x200.jpg 300w, https://www.esfreus.com/wp-content/uploads/2021/11/mahon-menorca-768x511.jpg 768w, https://www.esfreus.com/wp-content/uploads/2021/11/mahon-menorca-600x400.jpg 600w, https://www.esfreus.com/wp-content/uploads/2021/11/mahon-menorca-272x182.jpg 272w" sizes="auto, (max-width: 967px) 100vw, 967px" /></p>
<p>Desde nuestra agencia de Viajes Es Freus en Menorca (Maó) te atenderemos de forma personalizada y cercana. Prepararemos a medida tu viaje de vacaciones e incluiremos todos los detalles adicionales que nos indiques.</p>
<p>Puedes solicitarnos cualquier tipo de viaje que tengas en mente, desde una escapada a Ibiza, un crucero por el Mediterráneo, un largo viaje a Maldivas o a cualquier paraíso exótico que te llame la atención.</p>
<p><strong>MENORCA</strong></p>
<p><iframe loading="lazy" style="border: 0;" src="https://www.google.com/maps/embed?pb=!1m18!1m12!1m3!1d3061.3247216109507!2d4.250498515637371!3d39.88936149546669!2m3!1f0!2f0!3f0!3m2!1i1024!2i768!4f13.1!3m3!1m2!1s0x12958791215060f5%3A0xf4cb7243e2943f6a!2sViajes%20Es%20Freus!5e0!3m2!1ses!2ses!4v1636026995847!5m2!1ses!2ses" width="600" height="450" allowfullscreen="allowfullscreen"></iframe></p>
<p>Camí de ses Vinyes, 130 A<br />
07703 Maó. Menorca<br />
Tel.971355040<br />
Mail: <a href="mailto:menorca@esfreus.com">menorca@esfreus.com</a></p>
<p>Registro de Empresas, Actividades y Establecimientos Turísticos: <strong>AV-MD-0009-EIF</strong>[/vc_column_text][/vc_column][/vc_row]</p>

<p>[vc_row][vc_column][vc_column_text] Desde nuestra agencia de Viajes Es Freus en Menorca (Maó) te atenderemos de forma personalizada y cercana. Prepararemos a medida tu viaje de vacaciones e incluiremos todos los detalles adicionales que nos indiques. Puedes solicitarnos cualquier tipo de viaje que tengas en mente, desde una escapada a Ibiza, un crucero por el Mediterráneo, un [&hellip;]</p>
